r + 106. Calculate j(64).
-86
Let c(k) = 779*k - 6207. What is c(8)?
25
Let z(d) = 5*d**3 - 17*d**2 + 5*d + 10. Calculate z(4).
78
Let p(l) = l**2 + 15756*l + 94479. Give p(-6).
-21
Let l(v) = -v**2 - 8*v - 43. Give l(-6).
-31
Let k(y) = y**2 + 25*y - 13. What is k(-13)?
-169
Let x(d) = 8*d**3 - 2*d**2 + 5*d + 17. Calculate x(-4).
-547
Let q(a) = 79*a + 8199. What is q(-105)?
-96
Let d(b) = -41*b + 1532. Determine d(34).
138
Let o(c) = -179*c + 7526. What is o(42)?
8
Let n(q) = -q**3 + 7*q**2 + 11*q + 22. Calculate n(9).
-41
Let b(y) = y**2 - 96*y + 455. Determine b(5).
0
Let q(p) = -18526*p - 18526. Determine q(-1).
0
Let n(c) = 2*c**2 + 98*c - 530. Determine n(-54).
10
Let a(b) = 147*b - 5569. Calculate a(38).
17
Let g(w) = 2*w**3 + 29*w**2 + 27*w - 10. Calculate g(-13).
146
Let b(a) = a**3 + 16*a**2 + 23*a - 18. Determine b(-13).
190
Let k(s) = -s**3 - 19*s**2 + 36*s - 77. What is k(-21)?
49
Let g(x) = -655*x + 6553. Calculate g(10).
3
Let n(b) = b**3 + 3*b**2 - 5*b - 13. Calculate n(4).
79
Let y(s) = -s**2 - 9702*s - 48490. Determine y(-5).
-5
Let r(o) = -89*o + 1883. What is r(21)?
14
Let j(x) = -254*x - 6100. Give j(-24).
-4
Let x(g) = -4*g**3 - 81*g + 240. What is x(3)?
-111
Let q(w) = -w**3 + 15*w + 25. Calculate q(-2).
3
Let j(c) = -c**3 - 12*c**2 + 87*c + 403. Calculate j(-16).
35
Let a(j) = j**2 + 21*j + 62. Give a(-17).
-6
Let a(v) = v**3 + 14*v**2 - 3*v - 112. Calculate a(-13).
96
Let a(u) = -98*u - 660. Give a(-7).
26
Let v(u) = u**3 - 3*u**2 - 161*u + 103. What is v(14)?
5
Let l(j) = -23*j**3 + 6*j**2 - 7*j - 20. What is l(-2)?
202
Let f(j) = j**3 - 116*j**2 + 98*j + 1991. What is f(115)?
36
Let j(d) = -11*d**3 - 9*d**2 + 5*d + 26. Give j(-3).
227
Let f(r) = 721*r + 24510. Determine f(-34).
-4
Let q(g) = -34*g - 158. Calculate q(-5).
12
Let v(t) = t**3 + 17*t**2 - 28*t - 54. Calculate v(-18).
126
Let z(g) = g**3 + 73*g**2 + 207*g - 12. What is z(-3)?
-3
Let f(w) = -38*w**2 + 99*w - 11. Give f(4).
-223
Let a(c) = -2*c**3 - 263*c**2 + 119*c - 1695. Calculate a(-132).
21
Let x(m) = 285*m - 8033. Calculate x(28).
-53
Let z(f) = f**3 + 51*f**2 - 679*f + 238. Determine z(-62).
52
Let o(l) = -3*l**3 - 58*l**2 + 40*l - 5. Determine o(-20).
-5
Let x(c) = 10*c**2 - 279*c + 553. What is x(2)?
35
Let d(a) = -19*a - 827. What is d(-35)?
-162
Let x(l) = 155*l + 1392. Give x(-9).
-3
Let u(z) = z**2 - 110*z + 2913. Give u(46).
-31
Let q(t) = t**2 + 64*t + 917. Give q(-42).
-7
Let b(n) = 12*n**2 + 64*n - 98. Calculate b(-7).
42
Let z(s) = 2*s**2 - 5*s - 19. Give z(10).
131
Let r(b) = -b**3 + 16*b**2 + 13*b + 105. Determine r(17).
37
Let n(m) = 31*m - 882. Determine n(23).
-169
Let p(d) = -37*d**2 + 29*d + 1. What is p(-1)?
-65
Let w(g) = -g**2 + 6*g + 74. Determine w(14).
-38
Let n(u) = 158*u + 72. Calculate n(0).
72
Let o(n) = -n**3 - 6*n**2 + 12*n + 4. What is o(-6)?
-68
Let n(f) = -f**2 - 68*f + 700. Calculate n(10).
-80
Let s(w) = -4*w**3 - 629*w**2 - 152*w + 763. What is s(-157)?
-22
Let c(f) = 2*f**3 - 40*f**2 - 2*f + 24. Give c(20).
-16
Let w(v) = -53*v**2 - 56*v + 55. Calculate w(1).
-54
Let k(h) = -h**3 - 38*h**2 - 287*h - 68. What is k(-10)?
2
Let k(r) = 235*r + 268. Calculate k(-3).
-437
Let k(g) = -240*g + 3834. Give k(16).
-6
Let g(s) = -981*s + 3959. What is g(4)?
35
Let o(v) = -370*v**2 - 5*v. What is o(1)?
-375
Let j(c) = -c**3 + 3*c**2 + 167*c - 346. Give j(2).
-8
Let l(g) = 10019*g - 10042. Calculate l(1).
-23
Let f(a) = 963*a - 5838. What is f(6)?
-60
Let u(s) = 5365*s - 37553. What is u(7)?
2
Let l(r) = 10962*r + 98658. Calculate l(-9).
0
Let a(p) = p**3 - 14*p**2 + 16*p - 59. What is a(13)?
-20
Let p(c) = -1659*c + 13287. Calculate p(8).
15
Let w(p) = -252*p + 51. Determine w(1).
-201
Let l(j) = 324*j + 1948. Calculate l(-6).
4
Let k(y) = -4*y**2 + 40*y + 114. Give k(13).
-42
Let x(r) = -192*r + 387. What is x(3)?
-189
Let p(k) = -k**3 - 18*k**2 - 15*k + 34. What is p(-17)?
0
Let a(u) = u**3 - 49*u**2 + 259*u - 108. What is a(43)?
-65
Let u(s) = 5*s**2 + 119*s + 625. What is u(-8)?
-7
Let q(y) = -y**3 - 27*y**2 - 23*y + 669. Give q(-25).
-6
Let y(k) = 2*k**3 - 6*k**2 - 9*k + 34. Give y(2).
8
Let a(b) = 346*b - 14443. Determine a(42).
89
Let n(p) = 234*p - 1159. Give n(5).
11
Let k(w) = 11*w - 316. Give k(1).
-305
Let z(f) = -f**2 + 7*f + 194. Determine z(19).
-34
Let w(r) = -1631*r + 68511. Determine w(42).
9
Let x(m) = 345*m - 81424. Calculate x(236).
-4
Let f(i) = -2*i**3 - 41*i**2 + 29*i + 153. What is f(-21)?
-15
Let b(c) = -c**3 + 7*c**2 - 8*c + 32. Determine b(7).
-24
Let c(k) = -2*k**2 + 42*k - 80. Give c(19).
-4
Let o(f) = f**2 - 72*f + 548. Determine o(8).
36
Let c(d) = 479*d + 948. What is c(-2)?
-10
Let h(f) = f**3 + 35*f**2 + 31*f - 142. Calculate h(-34).
-40
Let w(q) = q**3 + 20*q**2 + 49*q - 6. Determine w(-3).
0
Let k(r) = r**3 + 28*r**2 + 33*r + 164. Give k(-27).
2
Let i(m) = 889*m + 4453. What is i(-5)?
8
Let u(b) = -b**3 + 4*b**2 + 17*b - 59. Determine u(8).
-179
Let k(g) = 617*g - 5535. What is k(9)?
18
Let u(w) = 2*w**3 - w**2 + w + 4. Give u(-3).
-62
Let q(b) = 2*b**3 + 15*b**2 - 2*b - 69. Give q(-7).
-6
Let w(f) = -2*f**2 + 1. What is w(-2)?
-7
Let t(b) = b**3 + 28*b**2 + 178*b - 47. Calculate t(-18).
-11
Let p(g) = g**2 - 306*g + 18670. Calculate p(84).
22
Let z(m) = -10*m**3 - 559*m**2 + 52*m - 114. Give z(-56).
110
Let o(l) = -l**2 - 90*l + 10995. Give o(69).
24
Let d(k) = k**3 - 8*k**2 + 282*k - 2945. Give d(11).
520
Let q(r) = r**3 + 5*r**2 - 47*r + 44. Calculate q(-9).
143
Let y(r) = 25*r**2 - 499*r - 20. Give y(20).
0
Let o(s) = 29*s - 614. Calculate o(21).
-5
Let t(n) = n**2 + 229*n + 11550. Calculate t(-154).
0
Let o(t) = -t**3 + 36*t**2 + 6*t - 14. Determine o(36).
202
Let y(r) = 6*r**3 - 4*r**2 - 5*r + 10. Give y(2).
32
Let k(r) = 8*r**2 + 189*r - 1373. Give k(7).
342
Let q(y) = -2421*y + 33892. Give q(14).
-2
Let n(b) = -b**3 - 14*b**2 - 7*b + 95. Give n(5).
-415
Let f(x) = -x**2 + 38*x + 1126. Determine f(-19).
43
Let w(x) = 66*x**2 - 39*x + 61. Calculate w(2).
247
Let s(o) = -5*o**2 - 34*o + 32. Calculate s(-9).
-67
Let n(k) = k**3 + 12*k**2 - 236*k - 2743. Calculate n(-11).
-26
Let h(l) = -215*l + 602. Determine h(5).
-473
Let s(g) = -95*g**2 - 5*g + 7. What is s(1)?
-93
Let a(i) = -i**2 + 33*i - 242. What is a(22)?
0
Let r(q) = -49*q**2 - 436*q + 63. Give r(-9).
18
Let b(v) = v**3 + 8*v**2 - 37*v - 7. Determine b(-12).
-139
Let m(u) = 2*u**3 - 28*u**2 + 18*u + 68. Give m(13).
-36
Let m(z) = 3*z**2 + 21*z + 63. What is m(-6)?
45
Let q(z) = -z**3 + 3*z**2 + 56*z + 105. Give q(-8).
361
Let w(x) = -2*x**2 - 79*x - 329. Give w(-35).
-14
Let w(l) = 8*l**3 - 271*l**2 - 7*l - 912. Determine w(34).
6
Let f(m) = -40*m**3 + 280*m**2 - m + 12. Give f(7).
5
Let a(t) = -82*t + 916. Determine a(11).
14
Let s(h) = 2*h**3 + h**2 - 2*h + 7. What is s(-3)?
-32
Let n(l) = -2*l**3 + 28*l**2 + 1054*l + 12. Calculate n(31).
12
Let s(m) = 2*m**2 - 32*m + 189. What is s(5)?
79
Let b(r) = -14*r**2 - 25*r + 39. Determine b(1).
0
Let c(y) = -y**2 - 642*y - 3188. What is c(-5)?
-3
Let p(h) = -474*h + 3778. Give p(8).
-14
Let h(w) = -w**3 + 41*w**2 - 41*w + 75. Calculate h(40).
35
Let q(c) = -2*c**2 - 77*c + 239. Calculate q(3).
-10
Let c(g) = -g**2 + 8341*g + 50079. Give c(-6).
-3
Let s(h) = -h**3 - 18*h**2 - h - 15. Give s(-18).
3
Let z(u) = -u**3 + 304*u**2 - 4059*u - 289. Calculate z(290).
1
Let x(f) = -118*f + 128. Calculate x(1).
10
Let i(b) = 306*b + 7328. Give i(-24).
-16
Let s(y) = -y**2 - 273*y - 10263. Calculate s(-45).
-3
Let p(j) = 183*j - 1885. Determine p(13).
494
Let f(m) = m**3 - 57*m**2 - 382*m + 210. Calculate f(63).
-42
Let r(l) = 2*l**3 - l**2 - 26*l + 65. Calculate r(3).
32
Let q(v) = -2*v**2 - 37*v + 2322. What is q(26)?
8
Let u(s) = -9*s - 319. Give u(-33).
-22
Let u(t) = -t**3 - 16*t**2 - 42*t - 174. What is u(-14)?
22
Let u(b) = -b**3 + 20*b**2 - 69*b - 161. What is u(7)?
-7
Let l(x) = x**2 - 33*x + 157. Give l(31).
95
Let z(m) = m**3 - 56*m + 17. Determine z(7).
-32
Let l(m) = 2*m**3 - 3*m**2 - 46*m + 153. What is l(6)?
201
Let u(q) = 12*q**2 - 69*q - 72. What is u(-1)?
9
Let j(a) = -2*a**2 + 15*a + 166. Calculate j(-4).
74
Let w(s) = -s**3 + 55*s**2 - 59*s - 2481. Determine w(53).
10
Let z(k) = 3*k**3 - 37*k**2 + 41*k - 358. Calculate z(12).
-10
Let k(d) = -d**3 + 5*d**2 - 7*d + 23. D